*w = 3. What are the prime factors of p?
2
Let z = 1 - -4. Let j be (z - -1)*2 - 0. Suppose -y - 5*n + 12 = -10*n, -y = -4*n - j. What are the prime factors of y?
2, 3
Let y(s) = -s**2 + 11*s - 9. Let x be y(8). Suppose -2 - 2 = -2*a, -5*a = i - x. Suppose 3*o + q = 29, o - 8 = 3*q + i. What are the prime factors of o?
2, 5
Let y = -35 + 68. What are the prime factors of y?
3, 11
Let o(t) = -t**2 + 12*t - 3. What are the prime factors of o(10)?
17
Let y(a) = -a**3 - a**2 + a - 1. Let k(v) = -7*v**3 - v**2 + 13*v - 4. Let g(u) = k(u) - 6*y(u). List the prime factors of g(6).
2
Let b = 638 - 341. List the prime factors of b.
3, 11
Let a = 6 + -1. Let y = 4 + 1. Suppose s + x = -x + 4, y*x + 20 = a*s. List the prime factors of s.
2
Suppose 0*l = -2*l + 5*v - 16, 2 = 3*l - v. Suppose -i = 5*j - 8, 5*i = l*i + 3*j + 42. What are the prime factors of i?
13
Suppose 4*f + 50 = 6*f. Let u = f - 15. Let t(r) = -r**3 + 11*r**2 - 9*r - 1. What are the prime factors of t(u)?
3
What are the prime factors of (-2152)/(-28) - 3/(-21)?
7, 11
Suppose 2 = -s + 18. Let g be (3 + 16/(-4))*-15. Suppose 0 = 5*f + 4*q - s, -3*f + 2*q + g = 1. What are the prime factors of f?
2
Suppose 6*t - 12 = 3*t. Let q = t + -1. What are the prime factors of ((-72)/20)/(q/(-15))?
2, 3
Let w be 1*-2*(-3)/2. Suppose -4*f = b, w*b + 2*b + f - 19 = 0. List the prime factors of (-2 - -5) + (b - 2).
5
Suppose l + 3*w = -w + 30, 2*w + 8 = 0. Suppose -o - 4 = -6. Suppose -2*d = 4*z - l, -19 = -5*d - o*z + 64. What are the prime factors of d?
3, 5
Suppose 0 = 3*r - 4*r - 8. List the prime factors of 4/r - 25/(-2).
2, 3
Suppose 778 = 4*q - 82. List the prime factors of q.
5, 43
Let p be 2 - (38/2 + 1). Let q be 1/6 - 69/p. Suppose -2*c + 4*i + 40 = -2, 63 = q*c - i. What are the prime factors of c?
3, 5
Let c(n) = n**3 + 30*n**2 - n + 56. What are the prime factors of c(-30)?
2, 43
Let t = -38 + 75. List the prime factors of t.
37
Let y = 325 - 221. What are the prime factors of y?
2, 13
What are the prime factors of (-6)/4 + (-282)/(-4)?
3, 23
Let o = 95 - 28. What are the prime factors of o?
67
Let p(o) = -6*o - 4. Let j be p(4). Let h be j/5 + (-8)/20. Let w = h + 10. What are the prime factors of w?
2
Let t be 23/(1 + -2 + 0). Let u = t + 38. List the prime factors of u.
3, 5
Suppose z = -2 + 4. Suppose 1 = -z*s + 13. List the prime factors of s.
2, 3
Suppose -4*a + 172 = -4*m, 4*a - 5*m = 3*a + 55. What are the prime factors of a?
2, 5
Let g(m) = -m**3 + 20*m**2 - 14*m + 16. What are the prime factors of g(19)?
3, 37
Let q(y) = 2*y. Let k be q(1). Let x be (-1)/(k*3/(-108)). Let i = x - -2. List the prime factors of i.
2, 5
Let d be 27/(-15) - (-2)/(-10). List the prime factors of (3/d)/((-3)/36).
2, 3
Suppose 84 = -0*n + 4*n - 4*f, n + 3*f = 17. Suppose 4*h - 100 = n. What are the prime factors of h?
2, 3, 5
Suppose 5*s - 30 = 4*v, 3*s - 18 - 8 = 4*v. What are the prime factors of v*4*(-1)/10?
2
Let h be -1*0*3/(-9). Let t(r) = 2 + h - 1 - 3*r**2 + 6*r**2 - 2*r. What are the prime factors of t(1)?
2
List the prime factors of (-555)/(-20) + (-3)/(-12).
2, 7
Suppose -5*w - 60 = -7*w. List the prime factors of w.
2, 3, 5
Let x = -58 + 128. List the prime factors of x.
2, 5, 7
Suppose 2*h + 9 = -7. Let z = 12 + h. Suppose o = g - 4, 3*g + z*o - 5 = -0. List the prime factors of g.
3
Let m = 4 - -39. List the prime factors of m.
43
Let u be 5/((-3)/(39*-1)). Let c = u + -20. Let w = c - 26. What are the prime factors of w?
19
Let d = -511 - -738. What are the prime factors of d?
227
Suppose -o = o + 2*a - 48, -5*o - a = -132. List the prime factors of o.
3
Suppose -4*j - 4 = 0, -r + 0*j = 4*j - 9. List the prime factors of r.
13
Suppose -4*h - 3*y = -168 - 179, -h + y = -85. List the prime factors of h.
2, 43
List the prime factors of (-932)/(-15) - 4/30.
2, 31
List the prime factors of (-6)/9*3 + 13.
11
Let x(c) = -3*c - 6. Let w(k) = -k**3 - 8*k**2 - 9*k + 9. Let z be w(-7). Suppose 7 = -5*s - z. List the prime factors of x(s).
2, 3
Let s be (-2)/(((-15)/6)/(-5)). Let y be 27/((1 + -2)*-1). What are the prime factors of (s/3)/((-6)/y)?
2, 3
Let q(u) = 1. Let c(l) = -7*l - 7. Let o(m) = 2*c(m) + 14*q(m). List the prime factors of o(-3).
2, 3, 7
Let p(g) = 2*g - 9. Let o be p(7). Let m be 55 + 1 + -2 + 0. Suppose -o*i = -m - 1. What are the prime factors of i?
11
Let s = 12 - -31. What are the prime factors of s?
43
Suppose -5*j + 3 = -17. Suppose 0 = 2*x + j*s - 28, s = -s + 4. List the prime factors of x.
2, 5
Let l = -7 + 11. Suppose 5*y - 4*d - 106 = 0, l*y + 5*d - 27 = 3*y. List the prime factors of y.
2, 11
Let w(m) = -2*m + 3. List the prime factors of w(0).
3
Let s(k) = 25*k**2 + 2*k + 2. List the prime factors of s(-1).
5
Suppose 4*i + 53 + 195 = 0. What are the prime factors of i/(-12) + 1/(-6)?
5
Suppose 1 = -5*w - 14. Let v be -1 - -2 - (w - 1). Suppose 1 = g - v. What are the prime factors of g?
2, 3
Let y = 3 - 5. What are the prime factors of 0 + y - (-20)/5?
2
Suppose -12 = -v - p - 4, 0 = 2*p + 2. List the prime factors of v.
3
Suppose 5*t - 12 = 28. Suppose t + 4 = 3*f + a, 4 = f - a. Suppose f*j - 27 = j. List the prime factors of j.
3
Suppose -3*z = -3*c + 48, -2*c - c = z - 28. What are the prime factors of c?
11
List the prime factors of (3 - -41)/4 - -5.
2
Let d = -2 + 2. Suppose d*c = c - 12. Suppose -g + c - 4 = 0. What are the prime factors of g?
2
Let t(u) = -4*u - 12. Let j(b) = 3*b + 11. Let q be j(-8). What are the prime factors of t(q)?
2, 5
Let g(w) = -w**3 - 3*w**2 + 8*w - 9. What are the prime factors of g(-7)?
131
Let x(i) = i**3 + 7*i**2 + 6*i + 7. Let g be x(-6). Let n = 18 + -13. Suppose -n*k + 48 + g = 0. List the prime factors of k.
11
Let m = -18 - 1. Let i = 40 + m. List the prime factors of i.
3, 7
List the prime factors of 20/(-30) - 46/(-6).
7
Suppose -2*c - 5*f + 249 = 0, 0*f + 2*f + 2 = 0. What are the prime factors of c?
127
Let v(h) = 4*h - 20. List the prime factors of v(11).
2, 3
Suppose 0 = -2*y - 0*y + 40. What are the prime factors of y?
2, 5
Suppose 3*l + 3*j - 327 = 0, 4*j + 265 + 76 = 3*l. List the prime factors of l.
3, 37
Let m(n) = -n**3 + 2*n**2 - n - 1. Let p(t) = t**2 - 11*t - 2. Let h be p(11). List the prime factors of m(h).
17
List the prime factors of 88/(5 - (-4)/(-1)).
2, 11
Let h(u) = 11*u - 29. List the prime factors of h(14).
5
Suppose 4*r + 245 = 9*r. Let x = 88 - r. List the prime factors of x.
3, 13
Let d = -6 - -16. Let x = d - 6. Suppose v = x*k + 22, -2*v + 3*k + 10 = -14. What are the prime factors of v?
2, 3
Let u(s) = 2*s**2 + 5*s + 4. Suppose -24 = 5*m + f, 3*m + f = -0*m - 16. List the prime factors of u(m).
2
Let y = 29 + -20. Suppose -5*z - 6 = -4*m + 16, -3*z + 9 = 5*m. What are the prime factors of 165/y + (-1)/m?
2, 3
Let c(v) = -v**3 + 11*v**2 + 18*v - 11. What are the prime factors of c(12)?
61
Let u(t) = -t**3 - 7*t**2 + 5*t - 13. List the prime factors of u(-9).
2, 13
Let v be (-1)/(-2)*(-36 + 0). Let a = v + 29. What are the prime factors of a?
11
List the prime factors of (-13 - -3)/((-4)/14).
5, 7
Let w be ((-33)/(-6))/(2/(-4)). Let m = -7 - w. Suppose m*z - 4 = 4*o, 2*o + 0*z - 33 = -5*z. What are the prime factors of o?
2
Let j(f) = f**3 - 7*f**2 + 2*f + 4. What are the prime factors of j(7)?
2, 3
Let y = -36 + 1. Let j(h) = -2*h**2 - 7*h - 2. Let u be j(-7). Let g = y - u. What are the prime factors of g?
2
Let i(d) = -4*d + 3. Let b(k) = 4*k - 2. Let g(n) = -5*b(n) - 4*i(n). What are the prime factors of g(-2)?
2, 3
Suppose 5*h + 81 = 311. Suppose 0 = 4*t + 30 + h. Let z = t - -27. List the prime factors of z.
2
Suppose 5*y - 168 - 7 = 0. Suppose -p - 4*p + y = 0. What are the prime factors of p?
7
Let z = -107 + 191. List the prime factors of z.
2, 3, 7
Let o = -154 - -401. List the prime factors of o.
13, 19
Let z be 0 + -1 + (-2 - -3). Suppose 163 = 5*v - 2*m, z = v - 6*m + 2*m - 29. Suppose -4*n = p - 41, 0 = 4*n + 2*p - v - 5. What are the prime factors of n?
11
Let z(x) be the third derivative of 1/3*x**3 + 1/24*x**4 - 1/120*x**6 - x**2 + 0 + 0*x**5 + 0*x. List the prime factors of z(0).
2
Suppose 2*l - 95 - 39 = -4*b, -3*b + 210 = 3*l. Let c = l - 48. What are the prime factors of c/3 - 4/(-6)?
3
Suppose 0 = -4*z + 81 + 3. Suppose 0*i - z = -i. Let l = i - 12. List the prime facto